{"id":382,"date":"2019-10-03T13:45:51","date_gmt":"2019-10-03T13:45:51","guid":{"rendered":"http:\/\/lauramicalizio.it\/?page_id=382"},"modified":"2019-10-03T13:45:51","modified_gmt":"2019-10-03T13:45:51","slug":"privacy-policy","status":"publish","type":"page","link":"https:\/\/lauramicalizio.it\/index.php\/privacy-policy\/","title":{"rendered":"Privacy Policy"},"content":{"rendered":"<p>L\u2019indirizzo del nostro sito web \u00e8: https:\/\/lauramicalizio.it<\/p>\n<h2 id=\"owner_of_the_data\">Titolare del Trattamento dei Dati<\/h2>\n<p>NETWARE TCS<\/p>\n<p><strong>Indirizzo email del Titolare: l.micalizio@libero.it<\/strong><\/p>\n<h4>Principi di questo sito<\/h4>\n<p>Questo sito ti consente di leggere e acquisire le informazioni rese da noi disponibili tramite gli articoli in maniera libera a gratuita. Il fatto che tu legga le nostre pagine e\/o ne veda le immagini non consente in alcun modo, ad alcuno, di conoscere i tuoi dati personali identificativi.<\/p>\n<h4>Uso sicuro di questo sito<\/h4>\n<p>Questo sito<strong>\u00a0non contiene materiali per adulti<\/strong>. Vi sono articoli che trattano argomenti delicati, legati a tematiche della sfera sessuale ad esempio, ma essi vengono sempre sempre affrontati in maniera informativa, con taglio esplicativo, tecnico, scientifico, e comunque non morbosa o scabrosa. Ai minori 18 anni si consiglia comunque la visione di tali contenti in compagnia dei genitori.<\/p>\n<h3 id=\"purposes_data\">Dati personali raccolti per le seguenti finalit\u00e0 ed utilizzando i seguenti servizi:<\/h3>\n<h4>Contattare l\u2019Utente<\/h4>\n<ul>\n<li>Modulo di contatto Dati Personali: cognome; email; nome; numero di telefono<\/li>\n<\/ul>\n<h4>Link<\/h4>\n<p>Questo sito contiene link ad altri siti Web. Ovviamente non siamo responsabili delle politiche di altri siti riguardo alla privacy. Incoraggiamo i nostri utenti, quando lasciano il nostro sito, a leggere le informative sulla privacy di tutti i siti Web che raccolgono informazioni di identificazione personale. Questa Normativa sulla privacy si applica esclusivamente alle informazioni raccolte da questo sito. Questo sito non accetta l\u2019inserimento di link a siti che trattano argomenti per adulti, pornografia, gioco d\u2019azzardo, prodotti chimici e farmaceutici non autorizzati, propaganda razzista, attivismo politico, attivit\u00e0 illegali o a sospetto di illegalit\u00e0, e ovviamente, anche se \u00e8 superfluo ribadirlo, pedopornografia.<\/p>\n<h3>Contenuto incorporato da altri siti web<\/h3>\n<p>Gli articoli su questo sito possono includere contenuti incorporati (ad esempio video, immagini, articoli, ecc.). I contenuti incorporati da altri siti web si comportano esattamente allo stesso modo come se il visitatore avesse visitato l\u2019altro sito web.<\/p>\n<p>Questi siti web possono raccogliere dati su di te, usare cookie, integrare ulteriori tracciamenti di terze parti e monitorare l\u2019interazione con essi, incluso il tracciamento della tua interazione con il contenuto incorporato se hai un account e sei connesso a quei siti web.<\/p>\n<h3>Analytics<\/h3>\n<p>I servizi contenuti nella presente sezione permettono al Titolare del Trattamento di monitorare e analizzare i dati di traffico e servono a tener traccia del comportamento dell\u2019Utente.<\/p>\n<h4>Google Analytics<\/h4>\n<p>Google Analytics \u00e8 un servizio di analisi web fornito da Google LLC oppure da Google Ireland Limited, a seconda della posizione in cui\u00a0lauramicalizio.it viene utilizzata (\u201cGoogle\u201d). Google utilizza i Dati Personali raccolti allo scopo di tracciare ed esaminare l\u2019utilizzo di lauramicalizio.it, compilare report e condividerli con gli altri servizi sviluppati da Google. Google potrebbe utilizzare i Dati Personali per contestualizzare e personalizzare gli annunci del proprio network pubblicitario.<\/p>\n<p>Dati Personali raccolti: Cookie; Dati di utilizzo.<\/p>\n<p>Luogo del trattamento: Stati Uniti \u2013\u00a0<a href=\"https:\/\/policies.google.com\/privacy\" target=\"_blank\" rel=\"noreferrer noopener\">Privacy Policy<\/a>\u00a0\u2013\u00a0<a href=\"https:\/\/tools.google.com\/dlpage\/gaoptout?hl=it\" target=\"_blank\" rel=\"noreferrer noopener\">Opt Out<\/a>; Irlanda \u2013\u00a0<a href=\"https:\/\/policies.google.com\/privacy\" target=\"_blank\" rel=\"noreferrer noopener\">Privacy Policy<\/a>. Soggetto aderente al Privacy Shiel<\/p>\n<h3>Modifiche a questa privacy policy<\/h3>\n<p>Il Titolare del Trattamento si riserva il diritto di apportare modifiche alla presente privacy policy in qualunque momento dandone informazione agli Utenti su questa pagina e, se possibile, su\u00a0lauramicalizio.it nonch\u00e9, qualora tecnicamente e legalmente fattibile, inviando una notifica agli Utenti attraverso uno degli estremi di contatto di cui \u00e8 in possesso il Titolare . Si prega dunque di consultare regolarmente questa pagina, facendo riferimento alla data di ultima modifica indicata in fondo. Qualora le modifiche interessino trattamenti la cui base giuridica \u00e8 il consenso, il Titolare provveder\u00e0 a raccogliere nuovamente il consenso dell\u2019Utente, se necessario.<\/p>\n<p>La presente informativa privacy \u00e8 redatta sulla base di molteplici ordinamenti legislativi, inclusi gli artt. 13 e 14 del Regolamento (UE) 2016\/679.<\/p>\n<p><em>Ultima modifica 30\/09\/2019<\/em><\/p>\n","protected":false},"excerpt":{"rendered":"<p>L\u2019indirizzo del nostro sito web \u00e8: https:\/\/lauramicalizio.it Titolare del Trattamento dei Dati NETWARE TCS Indirizzo email del Titolare: l.micalizio@libero.it Principi di questo sito Questo sito ti consente di leggere e acquisire le informazioni rese da noi disponibili tramite gli articoli in maniera libera a gratuita. Il fatto che tu legga le nostre pagine e\/o ne veda le immagini non consente in alcun modo, ad alcuno, di conoscere i tuoi dati personali identificativi. Uso sicuro di questo sito Questo sito\u00a0non contiene materiali per adulti. Vi sono articoli che trattano argomenti delicati, legati a tematiche della sfera sessuale ad esempio, ma essi vengono sempre sempre affrontati in maniera informativa, con taglio esplicativo, tecnico, scientifico, e comunque non morbosa o scabrosa. Ai minori 18 anni si consiglia comunque la visione di tali contenti in compagnia dei genitori. Dati personali raccolti per le seguenti finalit\u00e0 ed utilizzando i seguenti servizi: Contattare l\u2019Utente Modulo di contatto Dati Personali: cognome; email; nome; numero di telefono Link Questo sito contiene link ad altri siti Web. Ovviamente non siamo responsabili delle politiche di altri siti riguardo alla privacy. Incoraggiamo i nostri utenti, quando lasciano il nostro sito, a leggere le informative sulla privacy di tutti i siti Web&#8230;<\/p>\n","protected":false},"author":1,"featured_media":0,"parent":0,"menu_order":0,"comment_status":"closed","ping_status":"closed","template":"","meta":[],"_links":{"self":[{"href":"https:\/\/lauramicalizio.it\/index.php\/wp-json\/wp\/v2\/pages\/382"}],"collection":[{"href":"https:\/\/lauramicalizio.it\/index.php\/wp-json\/wp\/v2\/pages"}],"about":[{"href":"https:\/\/lauramicalizio.it\/index.php\/wp-json\/wp\/v2\/types\/page"}],"author":[{"embeddable":true,"href":"https:\/\/lauramicalizio.it\/index.php\/wp-json\/wp\/v2\/users\/1"}],"replies":[{"embeddable":true,"href":"https:\/\/lauramicalizio.it\/index.php\/wp-json\/wp\/v2\/comments?post=382"}],"version-history":[{"count":1,"href":"https:\/\/lauramicalizio.it\/index.php\/wp-json\/wp\/v2\/pages\/382\/revisions"}],"predecessor-version":[{"id":383,"href":"https:\/\/lauramicalizio.it\/index.php\/wp-json\/wp\/v2\/pages\/382\/revisions\/383"}],"wp:attachment":[{"href":"https:\/\/lauramicalizio.it\/index.php\/wp-json\/wp\/v2\/media?parent=382"}],"curies":[{"name":"wp","href":"https:\/\/api.w.org\/{rel}","templated":true}]}}